) prime?
False
Suppose -5*o = 0, 2*p - 91 = o - 23. Suppose 4*q - 152 = -4*d, 0*d = -d - 2*q + p. Let g = 181 + d. Is g a prime number?
True
Suppose 0 = 2*f + 2*g - 10, 0*f - 4*g - 4 = -2*f. Let v(d) = 622*d + 15. Is v(f) a composite number?
False
Suppose y + s - 27 = 0, 3*y - s - s - 106 = 0. Let w(l) = 3*l**2 - 15*l - 3. Let q be w(8). Let k = q - y. Is k prime?
True
Is ((-10)/(-15))/(9596/9588 + -1) composite?
True
Suppose x + 159 = -0*x. Let g = 1484 - 430. Let o = g + x. Is o a prime number?
False
Suppose 0 = 5*d + 15*d - 8980. Is d a prime number?
True
Let b be 455 + (1/1)/(-1). Suppose -5*v + 1251 = 2*f, 295 = 3*v + 2*f - b. Is v prime?
True
Is ((-4)/2)/(1980/991 - 2) a prime number?
True
Suppose -2*u + g + 1 = -3*u, -27 = -5*u + 3*g. Suppose u*s + 3 = 4*f, -f = -0*f - 2*s - 2. Suppose f = -3*w + 380 + 373. Is w a composite number?
False
Let t(p) = 721*p**2 - 72*p - 275. Is t(-4) a prime number?
True
Suppose -3*o + 2*o + 4*h + 18 = 0, h + 4 = 0. Suppose o*k - 10 + 2 = 0. Suppose 5*j - 813 = -k*p, 2*j + 4*p - 332 = -p. Is j a prime number?
False
Let j = 5757 - 3424. Is j prime?
True
Let p(b) = b**3 - 25*b**2 + 33*b + 21. Let j be p(22). Let v = 1134 - j. Is v prime?
False
Suppose 5*z = 4*z + 6. Let h be z/9 + (-2)/3. Suppose 6*p - 4*p - 2426 = h. Is p prime?
True
Suppose 0 = -269*y + 256*y + 5291. Is y prime?
False
Let u(d) = 581*d + 3. Let m be u(1). Is (m - (1 + -4))/1 a prime number?
True
Suppose -29*i - 64*i + 745209 = 0. Is i composite?
True
Suppose -6 = -2*j, -376 = 2*n + j + 447. Let r = n - -782. Suppose r = 4*q - 659. Is q a composite number?
False
Let x(q) = q**3 - 6*q**2 + 7*q - 5. Let i be x(5). Suppose -i*s = j - 1647, -4*j + 6624 = s + s. Is j prime?
True
Suppose -3*p - g = -8, -2*p + 12 = 2*p + 2*g. Is 569 + p + 1*-6 composite?
True
Suppose -3*q + 2*q + 2 = 0. Suppose 0 = -z - 5*i + 67, -2*z + q*i + 3*i + 59 = 0. Suppose z = h + 9. Is h a composite number?
True
Let i(t) = -4*t - 14. Let a be i(-8). Is (-1 - (-510)/(-9))/((-3)/a) a prime number?
False
Let v = -1641 + 1143. Let y = 137 - v. Is y a prime number?
False
Suppose -4*a + 9*q - 4*q + 4475 = 0, -4*a + 3*q + 4469 = 0. Is a a prime number?
False
Suppose -l - 4*f + 12 = 3*l, 3*f = 5*l + 9. Suppose 0 = -4*h - l*h + 492. Is h a prime number?
False
Suppose 5*v = 15, -5*s + 1454 - 235 = 3*v. Suppose -1004 = -2*p - s. Is p composite?
True
Suppose -2*k = 3*t + 4, -k + t = -t - 12. Suppose 0*n + 2078 = 4*v + 3*n, -3*v + 1571 = -k*n. Is v prime?
True
Suppose 2*l = -4*h + 44462, 0*l - 3*l + 4*h + 66743 = 0. Is l a composite number?
True
Let i(q) be the first derivative of -33*q**2 - q - 3. Let p be i(-1). Let a = -44 + p. Is a a composite number?
True
Let c(x) = -8*x + 75. Is c(-14) a composite number?
True
Let p = -14 + 16. Let y(i) = 12*i**2 + 82*i**p + 4*i - 3 + 2 + 56*i**2. Is y(-3) a prime number?
False
Suppose -7*d + 15 = -2*d, -d + 9 = 3*c. Let t be (c/(-4))/(3/(-18)). Suppose -t*s - 6 = 0, 2*p + 3*s = 6*p - 90. Is p prime?
False
Let q = 13 - 10. Suppose 4*f + h - 2277 = -2*h, 2*f - q*h = 1161. Is f a composite number?
True
Let a = -75 + 77. Suppose 7*v = -a*v + 5679. Is v prime?
True
Let q = 120172 + -76983. Is q a composite number?
False
Suppose -16*i + 10836 = -3868. Is i a prime number?
True
Let p = 79363 - 53417. Is p prime?
False
Let c be 6*(-3)/(-54) - 270184/(-6). Suppose -11*u + c = 11008. Is u a composite number?
True
Let a = -49529 - -99520. Is a a composite number?
False
Is (6/(-21) - 296040/(-35)) + 3 a prime number?
True
Let p(s) = -50*s**3 - 9*s**2 + 10*s + 32. Is p(-5) prime?
True
Let q be 1981/(-14)*(-4)/(1*2). Suppose -a + 1150 = 4*w, w + 2*a - q = 4*a. Is w composite?
True
Suppose 0 = 3*n - w - 29, 4*n - 28 = -0*w - 4*w. Suppose n*t - 1639 = -2*t. Is t composite?
False
Let l be -1*(0 + 905) + -4. Let h = l + 1774. Is h composite?
True
Let q be (-234)/(-14) - (-28)/98. Let u = q - 17. Suppose u = m - 7 - 3. Is m prime?
False
Let p(t) = 2*t**2 - 8*t - 19. Let b(a) = -5*a**2 - 1 + 4 + 6*a**2. Let w be b(-4). Is p(w) prime?
False
Let h = 375 - -1594. Is h a composite number?
True
Suppose 0 = -2*z, -5*u = -9*z + 4*z - 16015. Is u a composite number?
False
Let m(s) = -8 + 1 + 3*s + 0*s. Let l(r) = -r**3 - 8*r**2 - 7*r + 14. Let b be l(-7). Is m(b) a prime number?
False
Let u = 48 - 25. Suppose u*q - 16*q = 2149. Is q prime?
True
Suppose 0 = -14*t + 120657 + 464137. Is t a prime number?
True
Is 2/(-13) + 1280628/156 prime?
True
Let d be 33/(-44) - (-2 + (-141)/12). Suppose -d*w + 872 = -9*w. Is w composite?
True
Suppose -1033 = -3*s - 4*i, -331 = -s - 2*i - 2*i. Is (-32)/8 + s/1 a composite number?
False
Suppose 2*j - 6*p = -5*p + 2241, -5*j + 5*p + 5590 = 0. Is j composite?
False
Let y = 2191 + 3291. Is y prime?
False
Suppose -45 = i + 4*i. Is 3427/9 - 2/i a composite number?
True
Is (-14153)/(-5) - (-110)/275 a composite number?
True
Suppose -q = 2*g + 217, g - 1 = 2*g. Let m be ((-108)/15)/(-1)*q. Let t = m + 2227. Is t prime?
False
Let q(r) = -17*r**2 + 5*r - 11. Let i be q(-8). Let u = -598 - i. Is u a composite number?
False
Let h(s) = -2*s**2 + 13*s - 6. Let l be h(6). Suppose -4*n + 0*n + 2*w + 12302 = l, -4*w - 20 = 0. Is n composite?
True
Let a(g) = g**2 + 5*g + 7. Let k be a(-4). Suppose 3*h - 2*j - 791 = 0, -96 = 3*h - k*j - 888. Is h a prime number?
True
Suppose 2*w + 2*g = 50118, 100234 = 9*w - 5*w + 3*g. Is w a composite number?
False
Let r be 12/24 + 6102/(-4). Let v = r - -2417. Suppose 0*q = 4*q - v. Is q prime?
True
Suppose 20014 = v + 5*c, -9*c + 20014 = v - 8*c. Is v a prime number?
False
Let r be 2/(-9) - (-266)/63. Let q be (0/r)/(-3) + 0. Suppose q = 4*o - 1420 + 272. Is o prime?
False
Let v = 9493 + -6572. Is v composite?
True
Is (-280412)/(-11) - -7 - -4 a prime number?
False
Let w(a) = -2*a**3 - 7*a**2 + 2*a - 10. Suppose -c = 3*c - 3*k + 25, c - 3*k = -4. Is w(c) a composite number?
True
Suppose 0 = 2*l + 2*l. Suppose 0 = 5*r - 2*h - 3606, 2*r + 2*h + 0*h = 1448. Suppose -2*v + 68 + r = l. Is v a composite number?
True
Let x(m) = m + 13. Suppose 4*f = -f - 50. Let d be x(f). Let u(r) = 19*r. Is u(d) prime?
False
Let z(r) = 7*r + 191*r**2 - 55*r**2 + 1 - 3 - 4. Is z(-5) a composite number?
False
Let k = -4757 - -20574. Is k a prime number?
True
Suppose 10*s + 272784 = 58*s. Is s composite?
False
Suppose 0 = -9*l + 6*l + 21. Let a(q) = 2*q**3 - 8*q**2 - 6*q + 1. Is a(l) a prime number?
False
Is 4292135/50 - (-12)/40 a composite number?
False
Let h = 147 - 541. Let q = h + 951. Is q a prime number?
True
Let t be (-6)/15*-1*10. Is ((-1438)/t - -1)*8/(-4) prime?
False
Suppose v + 3 = 0, 0 = 7*r - 10*r - 2*v + 2043. Is r a prime number?
True
Let p = 2248 + -1291. Is p + 8 + (1 - -1) a prime number?
True
Let s be (-3 + -53)*(-35)/(-20). Let u = 185 + s. Is u a prime number?
False
Let x(s) = 2 + 2*s**2 - 9*s + 8*s**2 + 6*s**2. Is x(-7) a composite number?
True
Suppose 0 = 2*o + 3 - 7. Suppose r - 5 = -o. Suppose 3*u + u = 0, -r*l + 633 = 2*u. Is l a composite number?
False
Let x = 22 - 40. Is (-2)/(-4) + (-11205)/x a prime number?
False
Suppose -5*s + 5*m - 2*m = 5, s = -5*m - 29. Let i be ((-3)/9)/(s/60). Let h(z) = 30*z + 11. Is h(i) a composite number?
True
Suppose 4*r = -3*l + 207, 0 = -3*l - r + 4*r + 186. Let o(p) = -12*p + p**2 - 17*p + 29*p + l - p**3. Is o(0) prime?
False
Let i = -9638 + 14785. Is i a composite number?
False
Let r(i) = 4*i + 5. Let o be r(0). Suppose 2*z - 1331 = -3*h, -o*h + 0*h - 5*z + 2220 = 0. Is h composite?
False
Suppose 0 = 2*v - 54 + 18. Is 2/((-4)/(-6))*3678/v a prime number?
True
Let x = -40274 - -73119. Is x prime?
False
Let i(q) be the first derivative of -q**7/840 + q**5/120 + 469*q**4/24 - 2*q**3 - 3. Let g(l) be the third derivative of i(l). Is g(0) composite?
True
Let l(y) = y**2 + y - 4. Let r(b) = -3*b**2 - 3*b + 13. Let q(x) = 7*l(x) + 2*r(x). Let f be q(-3). Suppose 321 = k + f. Is k prime?
True
Is (5 - 28/6)*25539 a composite number?
False
Let w = 60 + 3. Is 55989/w + (-2)/(-7) a composite number?
True
Let i be 4/(-14) - (-10)/(-14). Let h(j) = -j**3 - 3*j**2 + 3*j + 12. Let z be h(-2). Is (53/(-2))/(i/z) a composite number?
False
Let g(z) = z**2 - 6*z - 5. Let h be g(7). Suppose 0*s = -h*s. Suppose t - 59 = -m, -2*t + m = -s*t - 106. Is t prime?
False
Let v = -45 + 44. Is (v - 0) + (-28)